{"id":70,"date":"2023-06-23T15:43:57","date_gmt":"2023-06-23T13:43:57","guid":{"rendered":"https:\/\/mmc.eu.com\/?page_id=70"},"modified":"2023-06-23T15:44:35","modified_gmt":"2023-06-23T13:44:35","slug":"hommage-a-andre-losay-concert-du-26-janvier-2023","status":"publish","type":"page","link":"https:\/\/mmc.eu.com\/?page_id=70","title":{"rendered":"Hommage \u00e0 Andr\u00e9 Losay. Concert du 26 janvier 2023"},"content":{"rendered":"\n<figure class=\"wp-block-embed is-type-video is-provider-youtube wp-block-embed-youtube wp-embed-aspect-16-9 wp-has-aspect-ratio\"><div class=\"wp-block-embed__wrapper\">\n<iframe title=\"Hommage \u00e0 Andr\u00e9 Losay   RAI Radio T\u00e9l\u00e9vision Italienne Concert des lumi\u00e8res 26 janvier 2023.\" width=\"640\" height=\"360\" src=\"https:\/\/www.youtube.com\/embed\/mFYp6lmRVck?list=PLUPZSNOfAbkVRpKuuGF-rmyL7_9oab9wX\" frameborder=\"0\" allow=\"accelerometer; autoplay; clipboard-write; encrypted-media; gyroscope; picture-in-picture; web-share\" referrerpolicy=\"strict-origin-when-cross-origin\" allowfullscreen><\/iframe>\n<\/div><\/figure>\n","protected":false},"excerpt":{"rendered":"","protected":false},"author":1,"featured_media":0,"parent":29,"menu_order":2,"comment_status":"closed","ping_status":"closed","template":"","meta":{"footnotes":""},"class_list":["post-70","page","type-page","status-publish","hentry"],"_links":{"self":[{"href":"https:\/\/mmc.eu.com\/index.php?rest_route=\/wp\/v2\/pages\/70","targetHints":{"allow":["GET"]}}],"collection":[{"href":"https:\/\/mmc.eu.com\/index.php?rest_route=\/wp\/v2\/pages"}],"about":[{"href":"https:\/\/mmc.eu.com\/index.php?rest_route=\/wp\/v2\/types\/page"}],"author":[{"embeddable":true,"href":"https:\/\/mmc.eu.com\/index.php?rest_route=\/wp\/v2\/users\/1"}],"replies":[{"embeddable":true,"href":"https:\/\/mmc.eu.com\/index.php?rest_route=%2Fwp%2Fv2%2Fcomments&post=70"}],"version-history":[{"count":1,"href":"https:\/\/mmc.eu.com\/index.php?rest_route=\/wp\/v2\/pages\/70\/revisions"}],"predecessor-version":[{"id":71,"href":"https:\/\/mmc.eu.com\/index.php?rest_route=\/wp\/v2\/pages\/70\/revisions\/71"}],"up":[{"embeddable":true,"href":"https:\/\/mmc.eu.com\/index.php?rest_route=\/wp\/v2\/pages\/29"}],"wp:attachment":[{"href":"https:\/\/mmc.eu.com\/index.php?rest_route=%2Fwp%2Fv2%2Fmedia&parent=70"}],"curies":[{"name":"wp","href":"https:\/\/api.w.org\/{rel}","templated":true}]}}