{"id":20,"date":"2023-06-20T14:32:07","date_gmt":"2023-06-20T12:32:07","guid":{"rendered":"https:\/\/mmc.eu.com\/?page_id=20"},"modified":"2023-07-11T22:39:52","modified_gmt":"2023-07-11T20:39:52","slug":"faire-un-don","status":"publish","type":"page","link":"https:\/\/mmc.eu.com\/?page_id=20","title":{"rendered":"adh\u00e9sion et dons"},"content":{"rendered":"\t\t<div data-elementor-type=\"wp-page\" data-elementor-id=\"20\" class=\"elementor elementor-20\">\n\t\t\t\t\t\t<section class=\"elementor-section elementor-top-section elementor-element elementor-element-2d72c2e elementor-section-boxed elementor-section-height-default elementor-section-height-default\" data-id=\"2d72c2e\" data-element_type=\"section\" data-e-type=\"section\">\n\t\t\t\t\t\t<div class=\"elementor-container elementor-column-gap-default\">\n\t\t\t\t\t<div class=\"elementor-column elementor-col-100 elementor-top-column elementor-element elementor-element-36cbe70\" data-id=\"36cbe70\" data-element_type=\"column\" data-e-type=\"column\">\n\t\t\t<div class=\"elementor-widget-wrap elementor-element-populated\">\n\t\t\t\t\t\t<div class=\"elementor-element elementor-element-a2c7058 elementor-widget elementor-widget-text-editor\" data-id=\"a2c7058\" data-element_type=\"widget\" data-e-type=\"widget\" data-widget_type=\"text-editor.default\">\n\t\t\t\t<div class=\"elementor-widget-container\">\n\t\t\t\t\t\t\t\t\t<p>Le travail de M\u00e9moire Musicale des Camps n\u00e9cessite la mobilisation de budgets relativement importants, qui d\u00e9passent, en tout cas, largement les sommes que peuvent procurer les cotisations d&rsquo;adh\u00e9rents : d\u00e9placements (gros poste), acquisition de mat\u00e9riel, restauration, organisation d&rsquo;\u00e9v\u00e9nements : concerts, conf\u00e9rences&#8230;<\/p><p>C&rsquo;est pourquoi nous sommes \u00e0 la recherche de donateurs, personnes physiques et morales pour nous soutenir. Avec les entreprises, institutions et collectivit\u00e9s, naturellement, nous signons des conventions de partenariat.<\/p><p>Nous vous proposons diff\u00e9rentes modalit\u00e9s de soutien :<\/p>\t\t\t\t\t\t\t\t<\/div>\n\t\t\t\t<\/div>\n\t\t\t\t\t<\/div>\n\t\t<\/div>\n\t\t\t\t\t<\/div>\n\t\t<\/section>\n\t\t\t\t<section class=\"elementor-section elementor-top-section elementor-element elementor-element-899c52f elementor-section-boxed elementor-section-height-default elementor-section-height-default\" data-id=\"899c52f\" data-element_type=\"section\" data-e-type=\"section\">\n\t\t\t\t\t\t<div class=\"elementor-container elementor-column-gap-default\">\n\t\t\t\t\t<div class=\"elementor-column elementor-col-100 elementor-top-column elementor-element elementor-element-0838b6f\" data-id=\"0838b6f\" data-element_type=\"column\" data-e-type=\"column\">\n\t\t\t<div class=\"elementor-widget-wrap\">\n\t\t\t\t\t\t\t<\/div>\n\t\t<\/div>\n\t\t\t\t\t<\/div>\n\t\t<\/section>\n\t\t\t\t<section class=\"elementor-section elementor-top-section elementor-element elementor-element-a72c80a elementor-section-boxed elementor-section-height-default elementor-section-height-default\" data-id=\"a72c80a\" data-element_type=\"section\" data-e-type=\"section\">\n\t\t\t\t\t\t<div class=\"elementor-container elementor-column-gap-default\">\n\t\t\t\t\t<div class=\"elementor-column elementor-col-33 elementor-top-column elementor-element elementor-element-c605458\" data-id=\"c605458\" data-element_type=\"column\" data-e-type=\"column\">\n\t\t\t<div class=\"elementor-widget-wrap elementor-element-populated\">\n\t\t\t\t\t\t<div class=\"elementor-element elementor-element-efba8f2 elementor-widget elementor-widget-image\" data-id=\"efba8f2\" data-element_type=\"widget\" data-e-type=\"widget\" data-widget_type=\"image.default\">\n\t\t\t\t<div class=\"elementor-widget-container\">\n\t\t\t\t\t\t\t\t\t\t\t\t\t\t\t<img fetchpriority=\"high\" decoding=\"async\" width=\"500\" height=\"500\" src=\"https:\/\/mmc.eu.com\/wp-content\/uploads\/2023\/06\/Memoire-musicale-des-camps-logo-jpeg.jpg\" class=\"attachment-large size-large wp-image-8\" alt=\"\" srcset=\"https:\/\/mmc.eu.com\/wp-content\/uploads\/2023\/06\/Memoire-musicale-des-camps-logo-jpeg.jpg 500w, https:\/\/mmc.eu.com\/wp-content\/uploads\/2023\/06\/Memoire-musicale-des-camps-logo-jpeg-300x300.jpg 300w, https:\/\/mmc.eu.com\/wp-content\/uploads\/2023\/06\/Memoire-musicale-des-camps-logo-jpeg-150x150.jpg 150w\" sizes=\"(max-width: 500px) 100vw, 500px\" \/>\t\t\t\t\t\t\t\t\t\t\t\t\t\t\t<\/div>\n\t\t\t\t<\/div>\n\t\t\t\t\t<\/div>\n\t\t<\/div>\n\t\t\t\t<div class=\"elementor-column elementor-col-33 elementor-top-column elementor-element elementor-element-df343b1\" data-id=\"df343b1\" data-element_type=\"column\" data-e-type=\"column\">\n\t\t\t<div class=\"elementor-widget-wrap elementor-element-populated\">\n\t\t\t\t\t\t<div class=\"elementor-element elementor-element-b3b76fe elementor-widget elementor-widget-text-editor\" data-id=\"b3b76fe\" data-element_type=\"widget\" data-e-type=\"widget\" data-widget_type=\"text-editor.default\">\n\t\t\t\t<div class=\"elementor-widget-container\">\n\t\t\t\t\t\t\t\t\t<p>\u00a0<\/p><p>Pour adh\u00e9rer \u00e0 l&rsquo;association M\u00e9moire Musicale des Camps, cliquez sur le bouton \u00e0 droite.<\/p>\t\t\t\t\t\t\t\t<\/div>\n\t\t\t\t<\/div>\n\t\t\t\t\t<\/div>\n\t\t<\/div>\n\t\t\t\t<div class=\"elementor-column elementor-col-33 elementor-top-column elementor-element elementor-element-15deccc\" data-id=\"15deccc\" data-element_type=\"column\" data-e-type=\"column\">\n\t\t\t<div class=\"elementor-widget-wrap elementor-element-populated\">\n\t\t\t\t\t\t<div class=\"elementor-element elementor-element-a327237 elementor-widget elementor-widget-button\" data-id=\"a327237\" data-element_type=\"widget\" data-e-type=\"widget\" data-widget_type=\"button.default\">\n\t\t\t\t<div class=\"elementor-widget-container\">\n\t\t\t\t\t\t\t\t\t<div class=\"elementor-button-wrapper\">\n\t\t\t\t\t<a class=\"elementor-button elementor-button-link elementor-size-sm\" href=\"https:\/\/www.helloasso.com\/associations\/memoire-musicale-des-camps\/adhesions\/adhesion-annuelle\">\n\t\t\t\t\t\t<span class=\"elementor-button-content-wrapper\">\n\t\t\t\t\t\t\t\t\t<span class=\"elementor-button-text\">Cliquez ici<\/span>\n\t\t\t\t\t<\/span>\n\t\t\t\t\t<\/a>\n\t\t\t\t<\/div>\n\t\t\t\t\t\t\t\t<\/div>\n\t\t\t\t<\/div>\n\t\t\t\t\t<\/div>\n\t\t<\/div>\n\t\t\t\t\t<\/div>\n\t\t<\/section>\n\t\t\t\t<section class=\"elementor-section elementor-top-section elementor-element elementor-element-ed66539 elementor-section-boxed elementor-section-height-default elementor-section-height-default\" data-id=\"ed66539\" data-element_type=\"section\" data-e-type=\"section\">\n\t\t\t\t\t\t<div class=\"elementor-container elementor-column-gap-default\">\n\t\t\t\t\t<div class=\"elementor-column elementor-col-33 elementor-top-column elementor-element elementor-element-d025596\" data-id=\"d025596\" data-element_type=\"column\" data-e-type=\"column\">\n\t\t\t<div class=\"elementor-widget-wrap elementor-element-populated\">\n\t\t\t\t\t\t<div class=\"elementor-element elementor-element-844bb49 elementor-widget elementor-widget-image\" data-id=\"844bb49\" data-element_type=\"widget\" data-e-type=\"widget\" data-widget_type=\"image.default\">\n\t\t\t\t<div class=\"elementor-widget-container\">\n\t\t\t\t\t\t\t\t\t\t\t\t\t\t\t<img decoding=\"async\" width=\"179\" height=\"300\" src=\"https:\/\/mmc.eu.com\/wp-content\/uploads\/2023\/06\/prisonnier-chantant-179x300.png\" class=\"attachment-medium size-medium wp-image-865\" alt=\"\" srcset=\"https:\/\/mmc.eu.com\/wp-content\/uploads\/2023\/06\/prisonnier-chantant-179x300.png 179w, https:\/\/mmc.eu.com\/wp-content\/uploads\/2023\/06\/prisonnier-chantant-610x1024.png 610w, https:\/\/mmc.eu.com\/wp-content\/uploads\/2023\/06\/prisonnier-chantant.png 690w\" sizes=\"(max-width: 179px) 100vw, 179px\" \/>\t\t\t\t\t\t\t\t\t\t\t\t\t\t\t<\/div>\n\t\t\t\t<\/div>\n\t\t\t\t\t<\/div>\n\t\t<\/div>\n\t\t\t\t<div class=\"elementor-column elementor-col-33 elementor-top-column elementor-element elementor-element-252b072\" data-id=\"252b072\" data-element_type=\"column\" data-e-type=\"column\">\n\t\t\t<div class=\"elementor-widget-wrap elementor-element-populated\">\n\t\t\t\t\t\t<div class=\"elementor-element elementor-element-9088e1b elementor-widget elementor-widget-text-editor\" data-id=\"9088e1b\" data-element_type=\"widget\" data-e-type=\"widget\" data-widget_type=\"text-editor.default\">\n\t\t\t\t<div class=\"elementor-widget-container\">\n\t\t\t\t\t\t\t\t\t<p>\u00a0<\/p><p>Pour faire un don \u00e0 l&rsquo;association M\u00e9moire Musicale des Camps, soit en \u00ab\u00a0one shot\u00a0\u00bb soit en prenant un abonnement mensuel, cliquez sur le bouton \u00e0 droite<\/p>\t\t\t\t\t\t\t\t<\/div>\n\t\t\t\t<\/div>\n\t\t\t\t\t<\/div>\n\t\t<\/div>\n\t\t\t\t<div class=\"elementor-column elementor-col-33 elementor-top-column elementor-element elementor-element-a95f909\" data-id=\"a95f909\" data-element_type=\"column\" data-e-type=\"column\">\n\t\t\t<div class=\"elementor-widget-wrap elementor-element-populated\">\n\t\t\t\t\t\t<div class=\"elementor-element elementor-element-4e9af2b elementor-widget elementor-widget-button\" data-id=\"4e9af2b\" data-element_type=\"widget\" data-e-type=\"widget\" data-widget_type=\"button.default\">\n\t\t\t\t<div class=\"elementor-widget-container\">\n\t\t\t\t\t\t\t\t\t<div class=\"elementor-button-wrapper\">\n\t\t\t\t\t<a class=\"elementor-button elementor-button-link elementor-size-sm\" href=\"https:\/\/www.helloasso.com\/associations\/memoire-musicale-des-camps\/formulaires\/1\">\n\t\t\t\t\t\t<span class=\"elementor-button-content-wrapper\">\n\t\t\t\t\t\t\t\t\t<span class=\"elementor-button-text\">Cliquez ici<\/span>\n\t\t\t\t\t<\/span>\n\t\t\t\t\t<\/a>\n\t\t\t\t<\/div>\n\t\t\t\t\t\t\t\t<\/div>\n\t\t\t\t<\/div>\n\t\t\t\t\t<\/div>\n\t\t<\/div>\n\t\t\t\t\t<\/div>\n\t\t<\/section>\n\t\t\t\t<section class=\"elementor-section elementor-top-section elementor-element elementor-element-e5159f6 elementor-section-boxed elementor-section-height-default elementor-section-height-default\" data-id=\"e5159f6\" data-element_type=\"section\" data-e-type=\"section\">\n\t\t\t\t\t\t<div class=\"elementor-container elementor-column-gap-default\">\n\t\t\t\t\t<div class=\"elementor-column elementor-col-33 elementor-top-column elementor-element elementor-element-a45605d\" data-id=\"a45605d\" data-element_type=\"column\" data-e-type=\"column\">\n\t\t\t<div class=\"elementor-widget-wrap elementor-element-populated\">\n\t\t\t\t\t\t<div class=\"elementor-element elementor-element-0f4c9b7 elementor-widget elementor-widget-image\" data-id=\"0f4c9b7\" data-element_type=\"widget\" data-e-type=\"widget\" data-widget_type=\"image.default\">\n\t\t\t\t<div class=\"elementor-widget-container\">\n\t\t\t\t\t\t\t\t\t\t\t\t\t\t\t<img decoding=\"async\" width=\"640\" height=\"958\" src=\"https:\/\/mmc.eu.com\/wp-content\/uploads\/2023\/06\/omaha-14-684x1024.jpg\" class=\"attachment-large size-large wp-image-208\" alt=\"\" srcset=\"https:\/\/mmc.eu.com\/wp-content\/uploads\/2023\/06\/omaha-14-684x1024.jpg 684w, https:\/\/mmc.eu.com\/wp-content\/uploads\/2023\/06\/omaha-14-200x300.jpg 200w, https:\/\/mmc.eu.com\/wp-content\/uploads\/2023\/06\/omaha-14-768x1151.jpg 768w, https:\/\/mmc.eu.com\/wp-content\/uploads\/2023\/06\/omaha-14-1025x1536.jpg 1025w, https:\/\/mmc.eu.com\/wp-content\/uploads\/2023\/06\/omaha-14.jpg 1080w\" sizes=\"(max-width: 640px) 100vw, 640px\" \/>\t\t\t\t\t\t\t\t\t\t\t\t\t\t\t<\/div>\n\t\t\t\t<\/div>\n\t\t\t\t\t<\/div>\n\t\t<\/div>\n\t\t\t\t<div class=\"elementor-column elementor-col-33 elementor-top-column elementor-element elementor-element-0d3db30\" data-id=\"0d3db30\" data-element_type=\"column\" data-e-type=\"column\">\n\t\t\t<div class=\"elementor-widget-wrap elementor-element-populated\">\n\t\t\t\t\t\t<div class=\"elementor-element elementor-element-eeffab3 elementor-widget elementor-widget-text-editor\" data-id=\"eeffab3\" data-element_type=\"widget\" data-e-type=\"widget\" data-widget_type=\"text-editor.default\">\n\t\t\t\t<div class=\"elementor-widget-container\">\n\t\t\t\t\t\t\t\t\t<p>Pour participer au financement d&rsquo;\u00e9v\u00e9nements, de concerts, de conf\u00e9rence, cliquez sur le bouton \u00e0 droite<\/p>\t\t\t\t\t\t\t\t<\/div>\n\t\t\t\t<\/div>\n\t\t\t\t\t<\/div>\n\t\t<\/div>\n\t\t\t\t<div class=\"elementor-column elementor-col-33 elementor-top-column elementor-element elementor-element-947c9e7\" data-id=\"947c9e7\" data-element_type=\"column\" data-e-type=\"column\">\n\t\t\t<div class=\"elementor-widget-wrap elementor-element-populated\">\n\t\t\t\t\t\t<div class=\"elementor-element elementor-element-1f93c9a elementor-widget elementor-widget-button\" data-id=\"1f93c9a\" data-element_type=\"widget\" data-e-type=\"widget\" data-widget_type=\"button.default\">\n\t\t\t\t<div class=\"elementor-widget-container\">\n\t\t\t\t\t\t\t\t\t<div class=\"elementor-button-wrapper\">\n\t\t\t\t\t<a class=\"elementor-button elementor-button-link elementor-size-sm\" href=\"https:\/\/www.helloasso.com\/associations\/memoire-musicale-des-camps\/collectes\/financer-un-concert\">\n\t\t\t\t\t\t<span class=\"elementor-button-content-wrapper\">\n\t\t\t\t\t\t\t\t\t<span class=\"elementor-button-text\">Cliquez ici<\/span>\n\t\t\t\t\t<\/span>\n\t\t\t\t\t<\/a>\n\t\t\t\t<\/div>\n\t\t\t\t\t\t\t\t<\/div>\n\t\t\t\t<\/div>\n\t\t\t\t\t<\/div>\n\t\t<\/div>\n\t\t\t\t\t<\/div>\n\t\t<\/section>\n\t\t\t\t<section class=\"elementor-section elementor-top-section elementor-element elementor-element-cb7f2e6 elementor-section-boxed elementor-section-height-default elementor-section-height-default\" data-id=\"cb7f2e6\" data-element_type=\"section\" data-e-type=\"section\">\n\t\t\t\t\t\t<div class=\"elementor-container elementor-column-gap-default\">\n\t\t\t\t\t<div class=\"elementor-column elementor-col-33 elementor-top-column elementor-element elementor-element-fcb7a72\" data-id=\"fcb7a72\" data-element_type=\"column\" data-e-type=\"column\">\n\t\t\t<div class=\"elementor-widget-wrap elementor-element-populated\">\n\t\t\t\t\t\t<div class=\"elementor-element elementor-element-2871733 elementor-widget elementor-widget-image\" data-id=\"2871733\" data-element_type=\"widget\" data-e-type=\"widget\" data-widget_type=\"image.default\">\n\t\t\t\t<div class=\"elementor-widget-container\">\n\t\t\t\t\t\t\t\t\t\t\t\t\t\t\t<img loading=\"lazy\" decoding=\"async\" width=\"768\" height=\"1024\" src=\"https:\/\/mmc.eu.com\/wp-content\/uploads\/2023\/06\/losay-et-lotoro-violon.jpg\" class=\"attachment-full size-full wp-image-185\" alt=\"\" srcset=\"https:\/\/mmc.eu.com\/wp-content\/uploads\/2023\/06\/losay-et-lotoro-violon.jpg 768w, https:\/\/mmc.eu.com\/wp-content\/uploads\/2023\/06\/losay-et-lotoro-violon-225x300.jpg 225w\" sizes=\"(max-width: 768px) 100vw, 768px\" \/>\t\t\t\t\t\t\t\t\t\t\t\t\t\t\t<\/div>\n\t\t\t\t<\/div>\n\t\t\t\t\t<\/div>\n\t\t<\/div>\n\t\t\t\t<div class=\"elementor-column elementor-col-33 elementor-top-column elementor-element elementor-element-4116114\" data-id=\"4116114\" data-element_type=\"column\" data-e-type=\"column\">\n\t\t\t<div class=\"elementor-widget-wrap elementor-element-populated\">\n\t\t\t\t\t\t<div class=\"elementor-element elementor-element-bc310a6 elementor-widget elementor-widget-text-editor\" data-id=\"bc310a6\" data-element_type=\"widget\" data-e-type=\"widget\" data-widget_type=\"text-editor.default\">\n\t\t\t\t<div class=\"elementor-widget-container\">\n\t\t\t\t\t\t\t\t\t<p>\u00a0<\/p><p>Pour participer au financement de la restauration d&rsquo;un instrument rescap\u00e9 des camps, cliquez sur le bouton \u00e0 droite<\/p>\t\t\t\t\t\t\t\t<\/div>\n\t\t\t\t<\/div>\n\t\t\t\t\t<\/div>\n\t\t<\/div>\n\t\t\t\t<div class=\"elementor-column elementor-col-33 elementor-top-column elementor-element elementor-element-5389447\" data-id=\"5389447\" data-element_type=\"column\" data-e-type=\"column\">\n\t\t\t<div class=\"elementor-widget-wrap elementor-element-populated\">\n\t\t\t\t\t\t<div class=\"elementor-element elementor-element-9aa1e80 elementor-widget elementor-widget-button\" data-id=\"9aa1e80\" data-element_type=\"widget\" data-e-type=\"widget\" data-widget_type=\"button.default\">\n\t\t\t\t<div class=\"elementor-widget-container\">\n\t\t\t\t\t\t\t\t\t<div class=\"elementor-button-wrapper\">\n\t\t\t\t\t<a class=\"elementor-button elementor-button-link elementor-size-sm\" href=\"https:\/\/www.helloasso.com\/associations\/memoire-musicale-des-camps\/collectes\/restauration-d-un-violon-rescape-des-camps\">\n\t\t\t\t\t\t<span class=\"elementor-button-content-wrapper\">\n\t\t\t\t\t\t\t\t\t<span class=\"elementor-button-text\">Cliquez ici<\/span>\n\t\t\t\t\t<\/span>\n\t\t\t\t\t<\/a>\n\t\t\t\t<\/div>\n\t\t\t\t\t\t\t\t<\/div>\n\t\t\t\t<\/div>\n\t\t\t\t\t<\/div>\n\t\t<\/div>\n\t\t\t\t\t<\/div>\n\t\t<\/section>\n\t\t\t\t<section class=\"elementor-section elementor-top-section elementor-element elementor-element-38433ff elementor-section-boxed elementor-section-height-default elementor-section-height-default\" data-id=\"38433ff\" data-element_type=\"section\" data-e-type=\"section\">\n\t\t\t\t\t\t<div class=\"elementor-container elementor-column-gap-default\">\n\t\t\t\t\t<div class=\"elementor-column elementor-col-33 elementor-top-column elementor-element elementor-element-4cc1ad5\" data-id=\"4cc1ad5\" data-element_type=\"column\" data-e-type=\"column\">\n\t\t\t<div class=\"elementor-widget-wrap elementor-element-populated\">\n\t\t\t\t\t\t<div class=\"elementor-element elementor-element-3b18de1 elementor-widget elementor-widget-image\" data-id=\"3b18de1\" data-element_type=\"widget\" data-e-type=\"widget\" data-widget_type=\"image.default\">\n\t\t\t\t<div class=\"elementor-widget-container\">\n\t\t\t\t\t\t\t\t\t\t\t\t\t\t\t<img loading=\"lazy\" decoding=\"async\" width=\"640\" height=\"360\" src=\"https:\/\/mmc.eu.com\/wp-content\/uploads\/2023\/06\/WhatsA-1024x576.jpg\" class=\"attachment-large size-large wp-image-731\" alt=\"\" srcset=\"https:\/\/mmc.eu.com\/wp-content\/uploads\/2023\/06\/WhatsA-1024x576.jpg 1024w, https:\/\/mmc.eu.com\/wp-content\/uploads\/2023\/06\/WhatsA-300x169.jpg 300w, https:\/\/mmc.eu.com\/wp-content\/uploads\/2023\/06\/WhatsA-768x432.jpg 768w, https:\/\/mmc.eu.com\/wp-content\/uploads\/2023\/06\/WhatsA-1536x864.jpg 1536w, https:\/\/mmc.eu.com\/wp-content\/uploads\/2023\/06\/WhatsA-1320x743.jpg 1320w, https:\/\/mmc.eu.com\/wp-content\/uploads\/2023\/06\/WhatsA.jpg 2000w\" sizes=\"(max-width: 640px) 100vw, 640px\" \/>\t\t\t\t\t\t\t\t\t\t\t\t\t\t\t<\/div>\n\t\t\t\t<\/div>\n\t\t\t\t\t<\/div>\n\t\t<\/div>\n\t\t\t\t<div class=\"elementor-column elementor-col-33 elementor-top-column elementor-element elementor-element-9ae556e\" data-id=\"9ae556e\" data-element_type=\"column\" data-e-type=\"column\">\n\t\t\t<div class=\"elementor-widget-wrap elementor-element-populated\">\n\t\t\t\t\t\t<div class=\"elementor-element elementor-element-3bff72b elementor-widget elementor-widget-text-editor\" data-id=\"3bff72b\" data-element_type=\"widget\" data-e-type=\"widget\" data-widget_type=\"text-editor.default\">\n\t\t\t\t<div class=\"elementor-widget-container\">\n\t\t\t\t\t\t\t\t\t<p>Pour participer \u00e0 l&rsquo;achat de mat\u00e9riel musical, disques, partitions, photos, carnets&#8230; cliquez sur le bouton \u00e0 droite.<\/p>\t\t\t\t\t\t\t\t<\/div>\n\t\t\t\t<\/div>\n\t\t\t\t\t<\/div>\n\t\t<\/div>\n\t\t\t\t<div class=\"elementor-column elementor-col-33 elementor-top-column elementor-element elementor-element-6f9e977\" data-id=\"6f9e977\" data-element_type=\"column\" data-e-type=\"column\">\n\t\t\t<div class=\"elementor-widget-wrap elementor-element-populated\">\n\t\t\t\t\t\t<div class=\"elementor-element elementor-element-c7947b0 elementor-widget elementor-widget-button\" data-id=\"c7947b0\" data-element_type=\"widget\" data-e-type=\"widget\" data-widget_type=\"button.default\">\n\t\t\t\t<div class=\"elementor-widget-container\">\n\t\t\t\t\t\t\t\t\t<div class=\"elementor-button-wrapper\">\n\t\t\t\t\t<a class=\"elementor-button elementor-button-link elementor-size-sm\" href=\"https:\/\/www.helloasso.com\/associations\/memoire-musicale-des-camps\/collectes\/achat-de-disques-et-de-partitions\">\n\t\t\t\t\t\t<span class=\"elementor-button-content-wrapper\">\n\t\t\t\t\t\t\t\t\t<span class=\"elementor-button-text\">Cliquez ici<\/span>\n\t\t\t\t\t<\/span>\n\t\t\t\t\t<\/a>\n\t\t\t\t<\/div>\n\t\t\t\t\t\t\t\t<\/div>\n\t\t\t\t<\/div>\n\t\t\t\t\t<\/div>\n\t\t<\/div>\n\t\t\t\t\t<\/div>\n\t\t<\/section>\n\t\t\t\t<section class=\"elementor-section elementor-top-section elementor-element elementor-element-7f7d58e elementor-section-boxed elementor-section-height-default elementor-section-height-default\" data-id=\"7f7d58e\" data-element_type=\"section\" data-e-type=\"section\">\n\t\t\t\t\t\t<div class=\"elementor-container elementor-column-gap-default\">\n\t\t\t\t\t<div class=\"elementor-column elementor-col-100 elementor-top-column elementor-element elementor-element-4e7efde\" data-id=\"4e7efde\" data-element_type=\"column\" data-e-type=\"column\">\n\t\t\t<div class=\"elementor-widget-wrap elementor-element-populated\">\n\t\t\t\t\t\t<div class=\"elementor-element elementor-element-fde0b36 elementor-widget elementor-widget-text-editor\" data-id=\"fde0b36\" data-element_type=\"widget\" data-e-type=\"widget\" data-widget_type=\"text-editor.default\">\n\t\t\t\t<div class=\"elementor-widget-container\">\n\t\t\t\t\t\t\t\t\t<h6><strong>Attention : <\/strong><em>Les versements \u00e9voqu\u00e9s ci-dessus transitent par la plate-forme de paiement \u00ab\u00a0Hello Asso\u00a0\u00bb.<\/em><\/h6>\n<h6><em>Cette plate forme, tr\u00e8s efficacement s\u00e9curis\u00e9e, est sp\u00e9cialis\u00e9e dans la collecte de fonds pour les associations. Elle est employ\u00e9e par de tr\u00e8s grandes associations et est tout \u00e0 fait fiable.<\/em><\/h6>\n<h6><em>Elle est int\u00e9ressante pour les associations en ce que, \u00e0 l&rsquo;inverse de la plupart des sites de cagnotte, de crowdfunding&#8230; elle ne prend absolument aucune commission \u00ab\u00a0sur le dos\u00a0\u00bb de l&rsquo;association.<\/em><\/h6>\n<h6><em>En revanche, <strong>elle propose \u00e0 chaque donateur d&rsquo;ajouter \u00e0 son versement une somme destin\u00e9e \u00e0 financer hello asso.&nbsp;<\/strong><\/em><\/h6>\n<h6><em>Sur cette proposition, tout \u00e0 fait facultative et sur laquelle nous attirons votre attention, M\u00e9moire Musicale des Camps ne touche rien.<\/em><\/h6>\n<h6><em><strong>Il vous appartient donc d&rsquo;\u00eatre vigilant sur ce que vous souhaitez faire \u00e0 l&rsquo;\u00e9gard de Hello Asso.<\/strong><\/em><\/h6>\t\t\t\t\t\t\t\t<\/div>\n\t\t\t\t<\/div>\n\t\t\t\t\t<\/div>\n\t\t<\/div>\n\t\t\t\t\t<\/div>\n\t\t<\/section>\n\t\t\t\t<\/div>\n\t\t","protected":false},"excerpt":{"rendered":"<p>Le travail de M\u00e9moire Musicale des Camps n\u00e9cessite la mobilisation de budgets relativement importants, qui d\u00e9passent, en tout cas, largement les sommes que peuvent procurer les cotisations d&rsquo;adh\u00e9rents : d\u00e9placements (gros poste), acquisition de mat\u00e9riel, restauration, organisation d&rsquo;\u00e9v\u00e9nements : concerts, &hellip; <a href=\"https:\/\/mmc.eu.com\/?page_id=20\">Continuer la lecture <span class=\"meta-nav\">&rarr;<\/span><\/a><\/p>\n","protected":false},"author":1,"featured_media":0,"parent":0,"menu_order":0,"comment_status":"closed","ping_status":"closed","template":"","meta":{"footnotes":""},"class_list":["post-20","page","type-page","status-publish","hentry"],"_links":{"self":[{"href":"https:\/\/mmc.eu.com\/index.php?rest_route=\/wp\/v2\/pages\/20","targetHints":{"allow":["GET"]}}],"collection":[{"href":"https:\/\/mmc.eu.com\/index.php?rest_route=\/wp\/v2\/pages"}],"about":[{"href":"https:\/\/mmc.eu.com\/index.php?rest_route=\/wp\/v2\/types\/page"}],"author":[{"embeddable":true,"href":"https:\/\/mmc.eu.com\/index.php?rest_route=\/wp\/v2\/users\/1"}],"replies":[{"embeddable":true,"href":"https:\/\/mmc.eu.com\/index.php?rest_route=%2Fwp%2Fv2%2Fcomments&post=20"}],"version-history":[{"count":126,"href":"https:\/\/mmc.eu.com\/index.php?rest_route=\/wp\/v2\/pages\/20\/revisions"}],"predecessor-version":[{"id":1377,"href":"https:\/\/mmc.eu.com\/index.php?rest_route=\/wp\/v2\/pages\/20\/revisions\/1377"}],"wp:attachment":[{"href":"https:\/\/mmc.eu.com\/index.php?rest_route=%2Fwp%2Fv2%2Fmedia&parent=20"}],"curies":[{"name":"wp","href":"https:\/\/api.w.org\/{rel}","templated":true}]}}